[INFO] cloning repository https://github.com/MarkoPortero/JwtDecoder
[INFO] running `Command { std: "git" "-c" "credential.helper=" "-c" "credential.helper=/workspace/cargo-home/bin/git-credential-null" "clone" "--bare" "https://github.com/MarkoPortero/JwtDecoder" "/workspace/cache/git-repos/https%3A%2F%2Fgithub.com%2FMarkoPortero%2FJwtDecoder", kill_on_drop: false }`
[INFO] [stderr] Cloning into bare repository '/workspace/cache/git-repos/https%3A%2F%2Fgithub.com%2FMarkoPortero%2FJwtDecoder'...
[INFO] running `Command { std: "git" "rev-parse" "HEAD", kill_on_drop: false }`
[INFO] [stdout] b04a64b05f7dd14fd2f3744e48436091dc252f2a
[INFO] checking MarkoPortero/JwtDecoder against master#9610dfe5a9a731ced1ea4923ecbd0c57fe367898 for beta-170-4
[INFO] running `Command { std: "git" "clone" "/workspace/cache/git-repos/https%3A%2F%2Fgithub.com%2FMarkoPortero%2FJwtDecoder" "/workspace/builds/worker-1-tc1/source", kill_on_drop: false }`
[INFO] [stderr] Cloning into '/workspace/builds/worker-1-tc1/source'...
[INFO] [stderr] done.
[INFO] validating manifest of git repo https://github.com/MarkoPortero/JwtDecoder on toolchain 9610dfe5a9a731ced1ea4923ecbd0c57fe367898
[INFO] running `Command { std: CARGO_HOME="/workspace/cargo-home" RUSTUP_HOME="/workspace/rustup-home" "/workspace/cargo-home/bin/cargo" "+9610dfe5a9a731ced1ea4923ecbd0c57fe367898" "metadata" "--manifest-path" "Cargo.toml" "--no-deps", kill_on_drop: false }`
[INFO] started tweaking git repo https://github.com/MarkoPortero/JwtDecoder
[INFO] finished tweaking git repo https://github.com/MarkoPortero/JwtDecoder
[INFO] tweaked toml for git repo https://github.com/MarkoPortero/JwtDecoder written to /workspace/builds/worker-1-tc1/source/Cargo.toml
[INFO] crate git repo https://github.com/MarkoPortero/JwtDecoder already has a lockfile, it will not be regenerated
[INFO] running `Command { std: CARGO_HOME="/workspace/cargo-home" RUSTUP_HOME="/workspace/rustup-home" "/workspace/cargo-home/bin/cargo" "+9610dfe5a9a731ced1ea4923ecbd0c57fe367898" "fetch" "--manifest-path" "Cargo.toml", kill_on_drop: false }`
[INFO] [stderr]  Downloading crates ...
[INFO] [stderr]   Downloaded simple_asn1 v0.6.2
[INFO] running `Command { std: "docker" "create" "-v" "/var/lib/crater-agent-workspace/builds/worker-1-tc1/target:/opt/rustwide/target:rw,Z" "-v" "/var/lib/crater-agent-workspace/builds/worker-1-tc1/source:/opt/rustwide/workdir:ro,Z" "-v" "/var/lib/crater-agent-workspace/cargo-home:/opt/rustwide/cargo-home:ro,Z" "-v" "/var/lib/crater-agent-workspace/rustup-home:/opt/rustwide/rustup-home:ro,Z" "-e" "SOURCE_DIR=/opt/rustwide/workdir" "-e" "CARGO_TARGET_DIR=/opt/rustwide/target" "-e" "CARGO_HOME=/opt/rustwide/cargo-home" "-e" "RUSTUP_HOME=/opt/rustwide/rustup-home" "-w" "/opt/rustwide/workdir" "-m" "1610612736" "--user" "0:0" "--network" "none" "ghcr.io/rust-lang/crates-build-env/linux@sha256:19e73879b68f455e41552ea35293514db52ea292d993f571636dbffedb77a1ee" "/opt/rustwide/cargo-home/bin/cargo" "+9610dfe5a9a731ced1ea4923ecbd0c57fe367898" "metadata" "--no-deps" "--format-version=1", kill_on_drop: false }`
[INFO] [stdout] 226847eaf93f427c8cd99c2d2676d9ae81eb6a2d80a6955e67cf18375c6a3f9b
[INFO] running `Command { std: "docker" "start" "-a" "226847eaf93f427c8cd99c2d2676d9ae81eb6a2d80a6955e67cf18375c6a3f9b", kill_on_drop: false }`
[INFO] running `Command { std: "docker" "inspect" "226847eaf93f427c8cd99c2d2676d9ae81eb6a2d80a6955e67cf18375c6a3f9b", kill_on_drop: false }`
[INFO] running `Command { std: "docker" "rm" "-f" "226847eaf93f427c8cd99c2d2676d9ae81eb6a2d80a6955e67cf18375c6a3f9b", kill_on_drop: false }`
[INFO] [stdout] 226847eaf93f427c8cd99c2d2676d9ae81eb6a2d80a6955e67cf18375c6a3f9b
[INFO] running `Command { std: "docker" "create" "-v" "/var/lib/crater-agent-workspace/builds/worker-1-tc1/target:/opt/rustwide/target:rw,Z" "-v" "/var/lib/crater-agent-workspace/builds/worker-1-tc1/source:/opt/rustwide/workdir:ro,Z" "-v" "/var/lib/crater-agent-workspace/cargo-home:/opt/rustwide/cargo-home:ro,Z" "-v" "/var/lib/crater-agent-workspace/rustup-home:/opt/rustwide/rustup-home:ro,Z" "-e" "SOURCE_DIR=/opt/rustwide/workdir" "-e" "CARGO_TARGET_DIR=/opt/rustwide/target" "-e" "CARGO_INCREMENTAL=0" "-e" "RUST_BACKTRACE=full" "-e" "RUSTFLAGS=--cap-lints=forbid" "-e" "RUSTDOCFLAGS=--cap-lints=forbid" "-e" "CARGO_HOME=/opt/rustwide/cargo-home" "-e" "RUSTUP_HOME=/opt/rustwide/rustup-home" "-w" "/opt/rustwide/workdir" "-m" "1610612736" "--user" "0:0" "--network" "none" "ghcr.io/rust-lang/crates-build-env/linux@sha256:19e73879b68f455e41552ea35293514db52ea292d993f571636dbffedb77a1ee" "/opt/rustwide/cargo-home/bin/cargo" "+9610dfe5a9a731ced1ea4923ecbd0c57fe367898" "check" "--frozen" "--all" "--all-targets" "--message-format=json", kill_on_drop: false }`
[INFO] [stdout] bb1730e288907103d06c4f7e9650d511783f51b1461329b353680ed756d532d5
[INFO] running `Command { std: "docker" "start" "-a" "bb1730e288907103d06c4f7e9650d511783f51b1461329b353680ed756d532d5", kill_on_drop: false }`
[INFO] [stderr]    Compiling proc-macro2 v1.0.39
[INFO] [stderr]    Compiling autocfg v1.1.0
[INFO] [stderr]    Compiling unicode-ident v1.0.0
[INFO] [stderr]    Compiling syn v1.0.96
[INFO] [stderr]    Compiling libc v0.2.126
[INFO] [stderr]    Compiling serde_derive v1.0.137
[INFO] [stderr]     Checking itoa v1.0.2
[INFO] [stderr]    Compiling serde v1.0.137
[INFO] [stderr]    Compiling cc v1.0.73
[INFO] [stderr]    Compiling time-macros v0.2.4
[INFO] [stderr]    Compiling serde_json v1.0.81
[INFO] [stderr]     Checking num_threads v0.1.6
[INFO] [stderr]     Checking ryu v1.0.10
[INFO] [stderr]     Checking once_cell v1.12.0
[INFO] [stderr]     Checking pem v1.0.2
[INFO] [stderr]    Compiling num-traits v0.2.15
[INFO] [stderr]    Compiling num-integer v0.1.45
[INFO] [stderr]    Compiling num-bigint v0.4.3
[INFO] [stderr]    Compiling ring v0.16.20
[INFO] [stderr]    Compiling quote v1.0.18
[INFO] [stderr]     Checking time v0.3.9
[INFO] [stderr]    Compiling thiserror-impl v1.0.31
[INFO] [stderr]     Checking thiserror v1.0.31
[INFO] [stderr]     Checking simple_asn1 v0.6.2
[INFO] [stderr]     Checking jsonwebtoken v8.1.0
[INFO] [stderr]     Checking mars_calc v0.1.0 (/opt/rustwide/workdir)
[INFO] [stdout] error[E0425]: cannot find value `token` in this scope
[INFO] [stdout]  --> src/main.rs:9:32
[INFO] [stdout]   |
[INFO] [stdout] 9 |     io::stdin().read_line(&mut token).unwrap();
[INFO] [stdout]   |                                ^^^^^ not found in this scope
[INFO] [stdout] 
[INFO] [stdout] 
[INFO] [stdout] error[E0425]: cannot find value `token` in this scope
[INFO] [stdout]   --> src/main.rs:10:24
[INFO] [stdout]    |
[INFO] [stdout] 10 |     decode_jwt_header(&token);
[INFO] [stdout]    |                        ^^^^^ not found in this scope
[INFO] [stdout] 
[INFO] [stdout] 
[INFO] [stdout] error[E0425]: cannot find value `token` in this scope
[INFO] [stdout]   --> src/main.rs:11:18
[INFO] [stdout]    |
[INFO] [stdout] 11 |     decode_body(&token);
[INFO] [stdout]    |                  ^^^^^ not found in this scope
[INFO] [stdout] 
[INFO] [stdout] 
[INFO] [stdout] error[E0425]: cannot find value `token` in this scope
[INFO] [stdout]  --> src/main.rs:9:32
[INFO] [stdout]   |
[INFO] [stdout] 9 |     io::stdin().read_line(&mut token).unwrap();
[INFO] [stdout]   |                                ^^^^^ not found in this scope
[INFO] [stdout] 
[INFO] [stdout] 
[INFO] [stdout] error[E0425]: cannot find value `token` in this scope
[INFO] [stdout]   --> src/main.rs:10:24
[INFO] [stdout]    |
[INFO] [stdout] 10 |     decode_jwt_header(&token);
[INFO] [stdout]    |                        ^^^^^ not found in this scope
[INFO] [stdout] 
[INFO] [stdout] 
[INFO] [stdout] error[E0425]: cannot find value `token` in this scope
[INFO] [stdout]   --> src/main.rs:11:18
[INFO] [stdout]    |
[INFO] [stdout] 11 |     decode_body(&token);
[INFO] [stdout]    |                  ^^^^^ not found in this scope
[INFO] [stdout] 
[INFO] [stdout] 
[INFO] [stdout] warning: unused import: `Algorithm`
[INFO] [stdout]  --> src/main.rs:3:59
[INFO] [stdout]   |
[INFO] [stdout] 3 | use jwt::{decode_header, decode, DecodingKey, Validation, Algorithm};
[INFO] [stdout]   |                                                           ^^^^^^^^^
[INFO] [stdout]   |
[INFO] [stdout]   = note: `#[warn(unused_imports)]` on by default
[INFO] [stdout] 
[INFO] [stdout] 
[INFO] [stdout] warning: unused import: `Algorithm`
[INFO] [stdout]  --> src/main.rs:3:59
[INFO] [stdout]   |
[INFO] [stdout] 3 | use jwt::{decode_header, decode, DecodingKey, Validation, Algorithm};
[INFO] [stdout]   |                                                           ^^^^^^^^^
[INFO] [stdout]   |
[INFO] [stdout]   = note: `#[warn(unused_imports)]` on by default
[INFO] [stdout] 
[INFO] [stdout] 
[INFO] [stdout] error: aborting due to 3 previous errors; 1 warning emitted
[INFO] [stdout] 
[INFO] [stdout] 
[INFO] [stdout] For more information about this error, try `rustc --explain E0425`.
[INFO] [stdout] 
[INFO] [stdout] error: aborting due to 3 previous errors; 1 warning emitted
[INFO] [stdout] 
[INFO] [stdout] 
[INFO] [stdout] For more information about this error, try `rustc --explain E0425`.
[INFO] [stdout] 
[INFO] [stderr] error: could not compile `mars_calc` (bin "mars_calc") due to 4 previous errors; 1 warning emitted
[INFO] [stderr] warning: build failed, waiting for other jobs to finish...
[INFO] [stderr] error: could not compile `mars_calc` (bin "mars_calc" test) due to 4 previous errors; 1 warning emitted
[INFO] running `Command { std: "docker" "inspect" "bb1730e288907103d06c4f7e9650d511783f51b1461329b353680ed756d532d5", kill_on_drop: false }`
[INFO] running `Command { std: "docker" "rm" "-f" "bb1730e288907103d06c4f7e9650d511783f51b1461329b353680ed756d532d5", kill_on_drop: false }`
[INFO] [stdout] bb1730e288907103d06c4f7e9650d511783f51b1461329b353680ed756d532d5
